0001211010
In base 13, what is -84b7b + -432?
-852b0
In base 14, what is 55d + -1495?
-d36
In base 10, what is -1344 + -66327?
-67671
In base 13, what is a1 - 8b2a?
-8a59
In base 16, what is 1d6e - -7a?
1de8
In base 16, what is 1bb1916 + 4?
1bb191a
In base 14, what is 51d55a - 3?
51d557
In base 12, what is -130 - 1b12a8?
-1b1418
In base 6, what is -5355 + 1554?
-3401
In base 8, what is -221251503 - -3?
-221251500
In base 3, what is 0 - 211222201111?
-211222201111
In base 6, what is 355022 - -1430?
400452
In base 14, what is -5 + -917a52?
-917a57
In base 13, what is c6a9a - 24?
c6a76
In base 9, what is 34302568 + -2?
34302566
In base 13, what is -c467 - 31?
-c498
In base 2, what is 101010100 - -1100100100010111010?
1100100101000001110
In base 14, what is -3c04a84 + -2?
-3c04a86
In base 6, what is 511135442 + -11?
511135431
In base 4, what is 123032130 - 1331223?
121100301
In base 7, what is 4023262003 - 0?
4023262003
In base 8, what is -11022217270 - -2?
-11022217266
In base 16, what is -3 - 6df226?
-6df229
In base 2, what is -1000100010011 - -1011?
-1000100001000
In base 14, what is 7914 + 46?
795a
In base 3, what is 2001120111 - -10100112?
2011221000
In base 14, what is 1a35 - 17535?
-15900
In base 15, what is -15d085 - 0?
-15d085
In base 14, what is cc258 - -638?
cc892
In base 15, what is 28 + 5341?
5369
In base 14, what is -63b5 + -383?
-6758
In base 10, what is 2260257 - -8?
2260265
In base 3, what is -112021202 + 10020?
-112011112
In base 9, what is -53 + -6303530?
-6303583
In base 16, what is -8f7345 - 1b?
-8f7360
In base 7, what is -12040015 - 103?
-12040121
In base 10, what is -2422166 + 3?
-2422163
In base 7, what is 11625 - 4311?
4314
In base 11, what is 49711 - 790?
48a31
In base 6, what is 3304455 - 31?
3304424
In base 14, what is 2d + -835d1?
-835a2
In base 4, what is 32103211112222 + 3?
32103211112231
In base 7, what is 2531162334 - 1?
2531162333
In base 2, what is -1000100001101110000 + 1001010?
-1000100001100100110
In base 2, what is 100010110111100010010111 + -10001?
100010110111100010000110
In base 13, what is -479299a - 1?
-479299b
In base 13, what is -187 - -854a6?
8531c
In base 13, what is -19100428 + -3?
-1910042b
In base 13, what is 57b3c - -27?
57b66
In base 2, what is 11100110110111001 + -100110?
11100110110010011
In base 15, what is -68cb8 + -26?
-68cde
In base 16, what is -22 + 2e0f2?
2e0d0
In base 8, what is 147322173 + -1?
147322172
In base 4, what is 11 + 211313233101?
211313233112
In base 7, what is -10361 + -10032?
-20423
In base 15, what is -49615a - 21?
-49617b
In base 13, what is 10568866 - -2?
10568868
In base 5, what is -241 + 12431343?
12431102
In base 10, what is 5 - 10158570?
-10158565
In base 9, what is 664 - -463372?
464146
In base 12, what is -72151 + -2a?
-7217b
In base 9, what is 5255344 - -3?
5255347
In base 10, what is -14873 + -890?
-15763
In base 14, what is -1a0b + 1743?
-2a8
In base 10, what is 282 - 92201?
-91919
In base 4, what is 1 - -3333121133030?
3333121133031
In base 10, what is -37 - -12460134?
12460097
In base 11, what is -57 - 125a1a?
-125a76
In base 6, what is 2043550142 + 0?
2043550142
In base 15, what is -78c8468 - 1?
-78c8469
In base 9, what is 11447674 - -15?
11447700
In base 6, what is 101400 - 241?
101115
In base 16, what is -1 - 8e6e34d?
-8e6e34e
In base 7, what is -53263650 - -12?
-53263635
In base 8, what is -43572 + -122?
-43714
In base 8, what is -1365 - 2343?
-3730
In base 2, what is -111 - 110000010001010000000?
-110000010001010000111
In base 3, what is -2200102022000 - 2010?
-2200102101010
In base 11, what is 18772 - 284?
18499
In base 16, what is 12edca0 - 1?
12edc9f
In base 4, what is -2201110 - -3002102?
200332
In base 8, what is 115 - -3443355?
3443472
In base 7, what is -6336463 + 26?
-6336434
In base 3, what is 1010222100 + 2111?
1011001211
In base 11, what is 75 - -84687?
84751
In base 6, what is 22302413505 + -4?
22302413501
In base 7, what is 34402 - -6651?
44353
In base 12, what is b47894 + 6?
b4789a
In base 16, what is b0e - 19ecf?
-193c1
In base 14, what is -1a + -8b463?
-8b47d
In base 9, what is 4 + -53137777?
-53137773
In base 2, what is 11100100111110100010100010 + 1001?
11100100111110100010101011
In base 16, what is 7 + -1a1fbb?
-1a1fb4
In base 12, what is 86 + 864996?
864a60
In base 8, what is -2 + 21111756?
21111754
In base 16, what is -b5c8fb - -4?
-b5c8f7
In base 4, what is -330332113013 - 3?
-330332113022
In base 15, what is -23bc9 + -110?
-23cd9
In base 4, what is 21 + -3223003?
-3222322
In base 2, what is 110 + 101010011100010000100011000?
101010011100010000100011110
In base 4, what is 201332 + -1302200?
-1100202
In base 6, what is 1 + 144013342?
144013343
In base 2, what is 100000100110010001111 - 10010111?
100000100101111111000
In base 12, what is 5aa653 + 20a?
5aa861
In base 13, what is -616678 + -8?
-616683
In base 10, what is -128783 - -751?
-128032
In base 9, what is -3 + 203252320?
203252316
In base 16, what is -14805f - ee?
-14814d
In base 15, what is -4 - 1932b85?
-1932b89
In base 9, what is 77680238 - 18?
77680220
In base 6, what is -202251 - -133044?
-25203
In base 12, what is 472 - -b61a?
ba90
In base 14, what is 5 + 2c7529?
2c7530
In base 8, what is -755674142 - 1?
-755674143
In base 13, what is 393a - -15b60?
1979a
In base 7, what is 36514650 + -1?
36514646
In base 13, what is -2938421 + -5?
-2938426
In base 11, what is -6323256 - 2?
-6323258
In base 5, what is 144321331211 + 3?
144321331214
In base 12, what is -3 - 685a9b6?
-685a9b9
In base 11, what is -7223708 - -4?
-7223704
In base 4, what is -232000212 + -110?
-232000322
In base 5, what is -1111 - 4023302401?
-4023304012
In base 3, what is -10 - 2110102210000?
-2110102210010
In base 12, what is 4248 - 738?
3710
In base 7, what is -23 - -62241603?
62241550
In base 4, what is -2233330130 + -3?
-2233330133
In base 9, what is 205 - 35468?
-35263
In base 15, what is 4710d25 - 3?
4710d22
In base 3, what is 11 - 22210010200002212?
-22210010200002201
In base 2, what is 11111101100011000 - 1011111111?
11111100000011001
In base 4, what is 32002 + -1201021103?
-1200323101
In base 2, what is 1100111010 - 10111111000111?
-10110010001101
In base 11, what is -41 - -3a01a2?
3a0161
In base 15, what is -2 + -1b8307?
-1b8309
In base 5, what is 4 + -13032140?
-13032131
In base 4, what is -23 - -22132201213?
22132201130
In base 3, what is -12102011122 - 211220?
-12110000112
In base 5, what is -3 - 1014311430?
-1014311433
In base 3, what is 20100212 - 10101110?
2222102
In base 4, what is 33310110 - 30?
33310020
In base 12, what is -2 + 36502ba?
36502b8
In base 9, what is -240 + 602300?
602050
In base 2, what is 110 + -110111001001011011111?
-110111001001011011001
In base 5, what is 33 + -22024043340?
-22024043302
In base 13, what is -3546c0a - 22?
-3546c2c
In base 3, what is 2010020211 + 12010?
2010102221
In base 3, what is 10 - 2011012020221?
-2011012020211
In base 13, what is -a2ba358 + -1?
-a2ba359
In base 14, what is 928d4 - -174?
92a68
In base 14, what is -1c8d4b + -64?
-1c8db1
In base 9, what is 0 - 1886240?
-1886240
In base 9, what is 15381565 - 16?
15381548
In base 8, what is 2247 + -507350?
-505101
In base 14, what is 14c3 - 1400?
c3
In base 8, what is 3762615536 - -5?
3762615543
In base 16, what is -4 + 13e56996?
13e56992
In base 6, what is -105542035 + -55?
-105542134
In base 12, what is -4696 - -b9?
-4599
In base 9, what is 172668713 + -4?
172668708
In base 3, what is -101222 + -1112022211?
-1112201210
In base 13, what is 207 - -97c8b?
98195
In base 9, what is -1167265 + -37?
-1167313
In base 15, what is 21ddd - 2a?
21db3
In base 16, what is -2 - 70526a?
-70526c
In base 14, what is -2093ca + -31?
-20941b
In base 2, what is 101 - -111111111100010010111?
111111111100010011100
In base 11, what is -9103169 - -2?
-9103167
In base 11, what is 805318 + -10?
805308
In base 7, what is -2 + -353351356?
-353351361
In base 16, what is -f - -4eb3f?
4eb30
In base 7, what is -640152260 + 5?
-640152252
In base 12, what is 29003 - -90?
29093
In base 6, what is -244135215 + 5?
-244135210
In base 15, what is 7c + 62eca?
63057
In base 6, what is 0 - -1331051211?
1331051211
In base 5, what is 1020 - 11111200?
-11110130
In base 11, what is 65115 - 435?
64790
In base 8, what is 20745 + 6133?
27100
In base 